7/24*x**4 - 13/6*x**3 + 0*x + 12*x**2. List the prime factors of y(-6).
29
Let b = 1112 - 218. What are the prime factors of b?
2, 3, 149
Let f be ((-6)/7)/(6/(-84)). Suppose f + 58 = 5*r. Suppose -v - v = -r. List the prime factors of v.
7
Let i(h) = -1305*h**3 + 2*h + 3. List the prime factors of i(-1).
2, 653
Suppose 0*j - 4*t - 34 = 3*j, 4*t - 14 = 5*j. What are the prime factors of (j/(-4))/(2/68)?
3, 17
Suppose 13*m - 9*m = -64. What are the prime factors of (-100)/6*72/m?
3, 5
Suppose 9*n + 1 = 1. Suppose -6*o + 25 = -o. Suppose o*s + n*s = 45. List the prime factors of s.
3
Let h(q) = -q - 1. Let v(j) = -j**2 - 4*j - 4. Let l(n) = 2*h(n) - v(n). Let a be 70/21 + 3/((-9)/(-2)). What are the prime factors of l(a)?
2, 13
Let j(u) = -u**3 + 3*u**2 + 10*u + 8. List the prime factors of j(5).
2
What are the prime factors of 114/12*104 + 3?
991
Let l(q) = q**2 - 28*q + 85. Let m be l(25). Suppose 5*t = d + 12, -8*d + m*d - 15 = -3*t. What are the prime factors of t?
3
Suppose -22*f + 11*f + 5500 = 0. List the prime factors of f.
2, 5
Let f(b) = 68*b**2 - 13*b - 45. What are the prime factors of f(-4)?
3, 5, 73
Let y = 1616 - 934. What are the prime factors of y?
2, 11, 31
Let f = 285 - 558. Let k be (-4)/12 + f/(-9). Suppose -30 = -4*s + k. List the prime factors of s.
3, 5
Let f = -40 + 42. Suppose -f*c - 4*m + 284 = 0, -c + m = 2*c - 461. What are the prime factors of c?
2, 19
Suppose -4*b - 41 = -13. Let h(u) = -60*u + 29*u - 10 + 29*u. List the prime factors of h(b).
2
What are the prime factors of 949 + (-2)/14 + (-6)/(-42)?
13, 73
Let k be (30/(-7))/((-2)/(-28)). Let s = -30 - k. Let q = s - 18. What are the prime factors of q?
2, 3
Let q = 14 - -28. Suppose b - q = 5*u + 36, 5*b - 3*u = 368. List the prime factors of b.
73
Let x(f) = -13*f**3 + f**2 + 3*f - 1. Let s be x(3). Let w = 566 + s. List the prime factors of w.
2, 29
Suppose 45475 + 48157 = 32*d. What are the prime factors of d?
2, 7, 11, 19
Suppose 0 = -3*q + 15, 2*q = 5*f + 5*q - 15170. What are the prime factors of f?
7, 433
Suppose 2*l + 24 + 2 = 0. What are the prime factors of 1 + 58 + (-9 - l)?
3, 7
Let t(o) = 524*o**2 + 4*o - 4. What are the prime factors of t(1)?
2, 131
Suppose 2*v + 111 = 113. Let l(k) = 85*k + 1. What are the prime factors of l(v)?
2, 43
Let a = -196 + 362. List the prime factors of a.
2, 83
Let k(w) = 6*w**2 + 37*w + 38. What are the prime factors of k(16)?
2, 3, 19
Let o be 2/7 - (-16)/(-56). Suppose o*m + 90 = -2*m. Let p = -28 - m. List the prime factors of p.
17
Let s(t) = -t**3 - 19*t**2 + 26*t - 27. Let c be s(-21). Let w = c + -62. List the prime factors of w.
13, 19
Let q(s) = 3*s**2 + 6*s - 6. Let b be q(4). Suppose 87 = 3*a - b. List the prime factors of a.
3, 17
Suppose 25 = -3*r + 22. Let h(l) = -l**2 + 4*l + 2. Let v(y) = y - 1. Let i(u) = r*h(u) + 3*v(u). What are the prime factors of i(-7)?
3, 17
Suppose 0 = -3*x + 5*x - 2. Suppose -2*d - b - x = 3*d, 3*b = 2*d + 14. List the prime factors of (d/(-3))/(3/189).
3, 7
Let i(j) = 33*j - 255. List the prime factors of i(33).
2, 3, 139
Suppose -10 = 45*r - 50*r. Suppose 3*o - 3*b = -r*o + 375, 3*o + 4*b = 196. List the prime factors of o.
2, 3
What are the prime factors of (238/(-5))/((-3)/195*2)?
7, 13, 17
Let w = -67 + 67. Let a(o) = o**3 - 3*o**2 - 2*o + 179. What are the prime factors of a(w)?
179
Suppose -7294 = -5*k + 5*y - 214, 2*y + 6 = 0. What are the prime factors of k?
3, 157
Let c(s) = 20*s**2 - 2*s + 1. Let i be c(1). Let m = i + -16. Suppose 2*r - 5*r = -3*h + 63, h - 29 = m*r. List the prime factors of h.
17
Let i(q) = 11*q - 4. Let v be i(3). Suppose -91 + v = -r - 3*g, -15 = -5*g. List the prime factors of r.
53
Let u = 1051 - 283. List the prime factors of u.
2, 3
Let f = -10 + 16. Suppose -4 = 4*w - f*w. Suppose 0*p = -w*p + 20. List the prime factors of p.
2, 5
Let m = 29 + -23. Let k(f) = f - 6. Let t be k(m). What are the prime factors of -6 - -20 - (t - 4)?
2, 3
List the prime factors of 60/(-300) + ((-35022)/(-10) - 1).
3, 389
Let i be (4/20 - (-12)/(-10))*0. Suppose 5*h + i*h - 435 = 0. What are the prime factors of h?
3, 29
Suppose 10 = -2*u, 2*u - 4595 = -5*y + 3*u. Suppose -8*h + y = h. What are the prime factors of h?
2, 3, 17
Suppose 4*f + 1 + 3 = -3*p, 0 = -2*p - 3*f - 3. Suppose -39 = -3*j - p. Suppose 47 = 4*i - j. List the prime factors of i.
3, 5
Let f(q) = q**3 + 6*q**2 + 5. Let w be f(-6). Suppose -5*s - 296 = -w*l + 179, 3*l + 3*s = 291. What are the prime factors of l?
2, 3
Let y(n) be the second derivative of -n**5/10 + n**4/12 - n**3/3 + 89*n**2/2 - 21*n. What are the prime factors of y(0)?
89
Let w(n) = n**2 + 220*n - 2. What are the prime factors of w(9)?
29, 71
Let o(i) = -148*i. List the prime factors of o(-2).
2, 37
Suppose -j - 1035 = -2*x, -x + 215 = -j - 304. What are the prime factors of x?
2, 3, 43
Let u(i) = -i + 10. Let b(n) = -3*n + 1. Let w be b(3). List the prime factors of u(w).
2, 3
Let a = -142 + 140. Let r(m) be the first derivative of m**3/3 + m**2 + 3*m - 1. List the prime factors of r(a).
3
Suppose 28*z = 32102 + 24654. What are the prime factors of z?
2027
Let z = 863 + 248. What are the prime factors of z?
11, 101
Let c(o) = -2*o**2 + 105*o + 24. List the prime factors of c(44).
2, 193
List the prime factors of (-2214)/(-3) + 2*(-24)/(-16).
3, 13, 19
Let j = -727 - -1333. What are the prime factors of j?
2, 3, 101
Let i(p) = -6 + 5*p - 5 - p**2 + 2 + 2. Let l(g) = -g**2 + 5*g - 8. Let k(r) = -7*i(r) + 6*l(r). What are the prime factors of k(6)?
7
Suppose -52 = -4*v - 36. Suppose v*k - 101 = -3*d, -4*k + 0*d = 4*d - 100. List the prime factors of k.
2, 13
Let y(d) = 6*d**3 - 11*d**2 + 19*d - 4. List the prime factors of y(6).
2, 5, 101
Let a(v) be the second derivative of -19*v**3/2 - v**2 + 2*v. Let t be (-14)/10 + (-220)/(-550). List the prime factors of a(t).
5, 11
Let h be (-11)/22*2*-4. Suppose -r - h*q + 140 = -3*q, -4*r + 575 = q. What are the prime factors of r?
5, 29
Suppose l - 146 = 216. What are the prime factors of l?
2, 181
Suppose 0 = 18*z + 196 + 128. Let q(t) = 2*t**2 + t + 2. Let a be q(-4). Let m = a + z. List the prime factors of m.
2, 3
Suppose 2*t + 3*u - 23 = 0, 3*t + 11 = 5*t - u. Let l = 52 - t. List the prime factors of l.
3, 5
Let t = 199 + 379. List the prime factors of t.
2, 17
Suppose -k + 2*c + 9 = 0, -8*k + 3*k - 4*c - 11 = 0. Let h be (-9 - -187)*k/(-2). Let u = 127 + h. What are the prime factors of u?
2, 19
Let x(q) be the second derivative of -q**5/5 + q**4/6 + q**3 - 7*q**2/2 + 9*q. List the prime factors of x(-4).
257
Suppose -2797 = -12*i + 50831. What are the prime factors of i?
41, 109
Let r be -30*(-2 + (-1)/(-1)). Suppose 13*y = 11*y - 8. What are the prime factors of (r - 5)*y/(-10)?
2, 5
Suppose 8*x - 3134 + 558 = 0. List the prime factors of x.
2, 7, 23
Suppose 4*k = -0*k - 8. What are the prime factors of (-297)/k - (-27)/18?
2, 3, 5
Suppose 5*i + 722 = 2*z, 0 = -0*z - 4*z - i + 1400. Let u = z - 174. What are the prime factors of u?
3, 59
Let s(i) = -i**3 + i**2 + 7*i + 3086. What are the prime factors of s(0)?
2, 1543
Let a be 4 - (1 + -1)/3. Suppose m = 2*b - 1 + 48, 2*b + 158 = a*m. What are the prime factors of m?
37
Let y(b) = -b**2 + 59*b + 176. What are the prime factors of y(34)?
2, 3, 19
Let s be (-7 - -1)/(9/(-3)). Suppose 0 = -p + s. Let b = 22 - p. What are the prime factors of b?
2, 5
Let y(p) = 45*p**2 - 2. List the prime factors of y(3).
13, 31
What are the prime factors of (-982908)/(-432) - (-1)/(-4)?
5, 7, 13
Suppose -5*r = -2*w + 576, -w + 4*r = 2*r - 288. Suppose -w = -4*g - 0*g. List the prime factors of g.
2, 3
Let x(r) = -17*r**3 + 49*r + 224. List the prime factors of x(-7).
2, 3, 7, 17
Suppose -3*p + 122 - 116 = 0. Suppose 3*m + p*q - 288 = 101, 5*m + 4*q = 651. List the prime factors of m.
127
Suppose 0 = -s + 8*s + 462. Let z = -43 - s. List the prime factors of z.
23
Let f = -69 - -69. Suppose f*s + 4*s - 896 = 0. What are the prime factors of s?
2, 7
Let i = -14 + 8. Suppose -2*d + 18 = -10. What are the prime factors of i/d + 384/14?
3
Let k = -6082 - -9267. What are the prime factors of k?
5, 7, 13
Suppose 40 = 2*r + 2*r. Suppose 16*a = 18*a - 6. Suppose r = a*o - 44. List the prime factors of o.
2, 3
Let x be 1 - 0 - (-90)/2. Let f(j) = -j**3 